{"id":138,"date":"2022-03-24T12:55:09","date_gmt":"2022-03-24T11:55:09","guid":{"rendered":"https:\/\/test.kszlech.pl\/?page_id=138"},"modified":"2022-04-10T21:15:01","modified_gmt":"2022-04-10T19:15:01","slug":"sponsorzy","status":"publish","type":"page","link":"https:\/\/kszlech.pl\/index.php\/sponsorzy\/","title":{"rendered":"Sponsorzy"},"content":{"rendered":"\n<p><strong>Klub Szachowy LECH-WSUS w Poznaniu<\/strong>\u00a0ch\u0119tnie nawi\u0105zuje wsp\u00f3\u0142prac\u0119 z osobami prawnymi i fizycznymi, kt\u00f3re wspieraj\u0105 jego dzia\u0142alno\u015b\u0107 ukierunkowan\u0105 na odci\u0105gni\u0119cie m\u0142odzie\u017cy od zdro\u017cnych my\u015bli i szkodliwej spo\u0142ecznie aktywno\u015bci, ale przede wszystkim na wzrost poziomu umiej\u0119tno\u015bci i sukcesy na szachownicach.\u00a0Nie do przecenienia jest wk\u0142ad g\u0142\u00f3wnego sponsora Klubu &#8211;<strong>\u00a0Wy\u017cszej Szko\u0142y Umiej\u0119tno\u015bci Spo\u0142ecznych<\/strong>, kt\u00f3ra zapewnia szachistom \u015bwietne warunki lokalowe i pomaga niekiedy w przewozach lechit\u00f3w na zawody, zw\u0142aszcza na dalszych odleg\u0142o\u015bciach.<\/p>\n\n\n\n<p class=\"has-background\" style=\"background-color:#eaeaea\">Bardzo dobrze uk\u0142ada si\u0119 wsp\u00f3\u0142praca z pozna\u0144sk\u0105 firm\u0105 informatyczn\u0105\u00a0<strong>Grupa TENSE<\/strong>, dzi\u0119ki kt\u00f3rej funkcjonuje nasza witryna internetowa\u00a0<strong>www.kszlech.pl<\/strong>.\u00a0Klub nasz otrzymuje pewne dofinansowanie udzia\u0142u junior\u00f3w w wa\u017cniejszych imprezach z\u00a0<strong>Wielkopolskiego Stowarzyszenia Sportowego<\/strong>\u00a0i\u00a0<strong>Wielkopolskiego Zwi\u0105zku Szachowego<\/strong>\u00a0w ramach tzw. wsp\u00f3\u0142zawodnictwa sportowego dzieci i m\u0142odzie\u017cy.\u00a0Cenimy tak\u017ce wysoko wk\u0142ad\u00a0cz\u0142onk\u00f3w Klubu i ich\u00a0rodzic\u00f3w, kt\u00f3rzy nieodp\u0142atnie udost\u0119pniaj\u0105 swoje samochody na przejazdy szachist\u00f3w na mecze i turnieje, w\u0142\u0105czaj\u0105 si\u0119 r\u00f3wnie\u017c w akcj\u0119 uzupe\u0142niania zasob\u00f3w sprz\u0119tu szachowego i zegar\u00f3w. Tym niemniej nieustannie oczekujemy kolejnych deklaracji w\u0142\u0105czenia si\u0119 innych donator\u00f3w w rozw\u00f3j Klubu, na przyk\u0142ad poprzez reklam\u0119 na tej stronie, czy w innej jeszcze formie. Ka\u017cda inicjatywa, czy nawet po\u015brednictwo w pozyskaniu \u017cyczliwego szachistom partnera, s\u0105 mile widziane.\u00a0<strong>Zapraszamy!<\/strong><\/p>\n\n\n\n<p>Obecna wersja strony zosta\u0142a stworzona przez Maksymiliana \u0141osi\u0144skiego oraz Paw\u0142a Malickiego z Technikum Ekonomiczno-Administracyjnego nr 1 w Poznaniu (wychowawca p.Przemys\u0142aw G\u0142owacz) podczas praktyk w firmie Primesoft.<\/p>\n","protected":false},"excerpt":{"rendered":"<p>Klub Szachowy LECH-WSUS w Poznaniu\u00a0ch\u0119tnie nawi\u0105zuje wsp\u00f3\u0142prac\u0119 z osobami prawnymi i fizycznymi, kt\u00f3re wspieraj\u0105 jego dzia\u0142alno\u015b\u0107 ukierunkowan\u0105 na odci\u0105gni\u0119cie m\u0142odzie\u017cy od zdro\u017cnych my\u015bli i szkodliwej spo\u0142ecznie aktywno\u015bci, ale przede wszystkim na wzrost poziomu umiej\u0119tno\u015bci i sukcesy na szachownicach.\u00a0Nie do przecenienia jest wk\u0142ad g\u0142\u00f3wnego sponsora Klubu &#8211;\u00a0Wy\u017cszej Szko\u0142y Umiej\u0119tno\u015bci Spo\u0142ecznych, kt\u00f3ra zapewnia szachistom \u015bwietne warunki lokalowe &hellip; <\/p>\n<p class=\"link-more\"><a href=\"https:\/\/kszlech.pl\/index.php\/sponsorzy\/\" class=\"more-link\">Read more<span class=\"screen-reader-text\"> &#8222;Sponsorzy&#8221;<\/span><\/a><\/p>\n","protected":false},"author":2,"featured_media":0,"parent":0,"menu_order":0,"comment_status":"closed","ping_status":"closed","template":"","meta":{"footnotes":""},"class_list":["post-138","page","type-page","status-publish","hentry"],"_links":{"self":[{"href":"https:\/\/kszlech.pl\/index.php\/wp-json\/wp\/v2\/pages\/138","targetHints":{"allow":["GET"]}}],"collection":[{"href":"https:\/\/kszlech.pl\/index.php\/wp-json\/wp\/v2\/pages"}],"about":[{"href":"https:\/\/kszlech.pl\/index.php\/wp-json\/wp\/v2\/types\/page"}],"author":[{"embeddable":true,"href":"https:\/\/kszlech.pl\/index.php\/wp-json\/wp\/v2\/users\/2"}],"replies":[{"embeddable":true,"href":"https:\/\/kszlech.pl\/index.php\/wp-json\/wp\/v2\/comments?post=138"}],"version-history":[{"count":8,"href":"https:\/\/kszlech.pl\/index.php\/wp-json\/wp\/v2\/pages\/138\/revisions"}],"predecessor-version":[{"id":2708,"href":"https:\/\/kszlech.pl\/index.php\/wp-json\/wp\/v2\/pages\/138\/revisions\/2708"}],"wp:attachment":[{"href":"https:\/\/kszlech.pl\/index.php\/wp-json\/wp\/v2\/media?parent=138"}],"curies":[{"name":"wp","href":"https:\/\/api.w.org\/{rel}","templated":true}]}}